{"id":534,"date":"2016-06-30T19:21:43","date_gmt":"2016-06-30T17:21:43","guid":{"rendered":"https:\/\/www.boberroehrsdorf.de\/?page_id=534"},"modified":"2017-07-03T00:02:37","modified_gmt":"2017-07-02T22:02:37","slug":"gedenken-der-opfer-des-deutsch-franzoesischen-krieges-1870","status":"publish","type":"page","link":"https:\/\/www.boberroehrsdorf.de\/?page_id=534","title":{"rendered":"Gedenken der Opfer des Deutsch-Franz\u00f6sischen Krieges 1870"},"content":{"rendered":"<p>&nbsp;<\/p>\n<p>&nbsp;<\/p>\n<table width=\"437\">\n<tbody>\n<tr>\n<td width=\"215\">Markwirth (Hs.-Nr. 176)<\/td>\n<td width=\"91\">Wilhelm<\/td>\n<td width=\"131\">gefallen<\/td>\n<\/tr>\n<tr>\n<td>H\u00f6her (Hs.-Nr. 157)<\/td>\n<td>Heinrich<\/td>\n<td>gefallen<\/td>\n<\/tr>\n<tr>\n<td>Weist (Hs.-Nr. 197)<\/td>\n<td>Heinrich<\/td>\n<td>gefallen<\/td>\n<\/tr>\n<tr>\n<td>M\u00e4tzig<\/td>\n<td><\/td>\n<td>vermi\u00dft<\/td>\n<\/tr>\n<tr>\n<td>Seiffert<\/td>\n<td><\/td>\n<td>vermi\u00dft<\/td>\n<\/tr>\n<tr>\n<td>Raupach<\/td>\n<td><\/td>\n<td>vermi\u00dft<\/td>\n<\/tr>\n<\/tbody>\n<\/table>\n<p>Entnommen der Schrift: Aus dem Leben der Kirchgemeinde Boberr\u00f6hrsdorf in den Jahren 1742 bis 1932 , von Edgar Br\u00e4uer<\/p>\n<p>&nbsp;<\/p>\n<p>.<\/p>\n","protected":false},"excerpt":{"rendered":"<p>&nbsp; &nbsp; Markwirth (Hs.-Nr. 176) Wilhelm gefallen H\u00f6her (Hs.-Nr. 157) Heinrich gefallen Weist (Hs.-Nr. 197) Heinrich gefallen M\u00e4tzig vermi\u00dft Seiffert vermi\u00dft Raupach vermi\u00dft Entnommen der Schrift: Aus dem Leben der Kirchgemeinde Boberr\u00f6hrsdorf in den Jahren 1742 bis 1932 , von Edgar Br\u00e4uer &nbsp; .<\/p>\n","protected":false},"author":2,"featured_media":8,"parent":151,"menu_order":0,"comment_status":"closed","ping_status":"closed","template":"","meta":{"footnotes":""},"class_list":["post-534","page","type-page","status-publish","has-post-thumbnail","hentry"],"_links":{"self":[{"href":"https:\/\/www.boberroehrsdorf.de\/index.php?rest_route=\/wp\/v2\/pages\/534","targetHints":{"allow":["GET"]}}],"collection":[{"href":"https:\/\/www.boberroehrsdorf.de\/index.php?rest_route=\/wp\/v2\/pages"}],"about":[{"href":"https:\/\/www.boberroehrsdorf.de\/index.php?rest_route=\/wp\/v2\/types\/page"}],"author":[{"embeddable":true,"href":"https:\/\/www.boberroehrsdorf.de\/index.php?rest_route=\/wp\/v2\/users\/2"}],"replies":[{"embeddable":true,"href":"https:\/\/www.boberroehrsdorf.de\/index.php?rest_route=%2Fwp%2Fv2%2Fcomments&post=534"}],"version-history":[{"count":2,"href":"https:\/\/www.boberroehrsdorf.de\/index.php?rest_route=\/wp\/v2\/pages\/534\/revisions"}],"predecessor-version":[{"id":661,"href":"https:\/\/www.boberroehrsdorf.de\/index.php?rest_route=\/wp\/v2\/pages\/534\/revisions\/661"}],"up":[{"embeddable":true,"href":"https:\/\/www.boberroehrsdorf.de\/index.php?rest_route=\/wp\/v2\/pages\/151"}],"wp:featuredmedia":[{"embeddable":true,"href":"https:\/\/www.boberroehrsdorf.de\/index.php?rest_route=\/wp\/v2\/media\/8"}],"wp:attachment":[{"href":"https:\/\/www.boberroehrsdorf.de\/index.php?rest_route=%2Fwp%2Fv2%2Fmedia&parent=534"}],"curies":[{"name":"wp","href":"https:\/\/api.w.org\/{rel}","templated":true}]}}