{"id":399,"date":"2015-02-01T12:51:14","date_gmt":"2015-02-01T10:51:14","guid":{"rendered":"https:\/\/www.boberroehrsdorf.de\/?page_id=399"},"modified":"2016-09-17T10:04:21","modified_gmt":"2016-09-17T08:04:21","slug":"ehrenmal-der-weltkriegsopfer","status":"publish","type":"page","link":"https:\/\/www.boberroehrsdorf.de\/?page_id=399","title":{"rendered":"Gedenken der Opfer des 1. Weltkrieges"},"content":{"rendered":"<p>Das Ehrenmal f\u00fcr die Gefallenen und Vermissten des 1. Weltkrieges stand an der \u00f6stlichen L\u00e4ngsseite der evangelischen Kirche. Das Ehrenmal existiert nicht mehr, da es nach \u00dcbernahme durch polnische Bewohner zerst\u00f6rt wurde.<\/p>\n<p>Inschrift des Ehrenmals von Boberr\u00f6hrsdorf:<\/p>\n<blockquote>\n<h2 style=\"text-align: center;\"><em><strong>&#8222;ES STARBEN DEN HELDENTOD&#8220;\u00a0<\/strong><\/em><\/h2>\n<h2 style=\"text-align: center;\"><em><strong>&#8222;DIE DANKBARE GEMEINDE BOBERR\u00d6HRSDORF&#8220;<\/strong><\/em><\/h2>\n<\/blockquote>\n<p><a href=\"https:\/\/www.boberroehrsdorf.de\/wp-content\/uploads\/Ehrenmal-Boberr\u00f6hrsdorf-f\u00fcr-homepage.jpg\"><img fetchpriority=\"high\" decoding=\"async\" class=\"alignnone size-medium wp-image-275\" src=\"https:\/\/www.boberroehrsdorf.de\/wp-content\/uploads\/Ehrenmal-Boberr\u00f6hrsdorf-f\u00fcr-homepage-183x300.jpg\" alt=\"Ehrenmal Boberr\u00f6hrsdorf f\u00fcr homepage\" width=\"183\" height=\"300\" srcset=\"https:\/\/www.boberroehrsdorf.de\/wp-content\/uploads\/Ehrenmal-Boberr\u00f6hrsdorf-f\u00fcr-homepage-183x300.jpg 183w, https:\/\/www.boberroehrsdorf.de\/wp-content\/uploads\/Ehrenmal-Boberr\u00f6hrsdorf-f\u00fcr-homepage-627x1024.jpg 627w, https:\/\/www.boberroehrsdorf.de\/wp-content\/uploads\/Ehrenmal-Boberr\u00f6hrsdorf-f\u00fcr-homepage.jpg 1798w\" sizes=\"(max-width: 183px) 100vw, 183px\" \/><\/a><\/p>\n<div id=\"attachment_239\" style=\"width: 310px\" class=\"wp-caption alignnone\"><a href=\"https:\/\/www.boberroehrsdorf.de\/wp-content\/uploads\/Ehrenmal-Boberr\u00f6hrsdorf-4.jpg\"><img decoding=\"async\" aria-describedby=\"caption-attachment-239\" class=\"size-medium wp-image-239\" src=\"https:\/\/www.boberroehrsdorf.de\/wp-content\/uploads\/Ehrenmal-Boberr\u00f6hrsdorf-4-300x225.jpg\" alt=\"Ehrenmal f\u00fcr die Gefallenen und Vermissten des 1. Weltkrieges\" width=\"300\" height=\"225\" srcset=\"https:\/\/www.boberroehrsdorf.de\/wp-content\/uploads\/Ehrenmal-Boberr\u00f6hrsdorf-4-300x225.jpg 300w, https:\/\/www.boberroehrsdorf.de\/wp-content\/uploads\/Ehrenmal-Boberr\u00f6hrsdorf-4-1024x768.jpg 1024w\" sizes=\"(max-width: 300px) 100vw, 300px\" \/><\/a><p id=\"caption-attachment-239\" class=\"wp-caption-text\">Ehrenmal f\u00fcr die Gefallenen und Vermissten des 1. Weltkrieges<\/p><\/div>\n<p>Vor kurzer Zeit wurden Teilst\u00fccke des zerst\u00f6rten Ehrenmals, mit Namen von Gefallenen, wiedergefunden.<\/p>\n<p>Sehr anzuerkennen ist m.E., dass diese Fragmente, von polnischer Seite 2015, einen Platz auf dem Gel\u00e4nde des Dominiums, an der ca. 700-j\u00e4hrigen Linde, vor dem Wohnturm gefunden haben.<\/p>\n<div id=\"attachment_547\" style=\"width: 210px\" class=\"wp-caption alignnone\"><a href=\"https:\/\/www.boberroehrsdorf.de\/wp-content\/uploads\/Boberr\u00f6hrsdorf-3.jpg\"><img decoding=\"async\" aria-describedby=\"caption-attachment-547\" class=\"wp-image-547 size-medium\" src=\"https:\/\/www.boberroehrsdorf.de\/wp-content\/uploads\/Boberr\u00f6hrsdorf-3-200x300.jpg\" alt=\"Fragmente Ehrenmal 2016\" width=\"200\" height=\"300\" srcset=\"https:\/\/www.boberroehrsdorf.de\/wp-content\/uploads\/Boberr\u00f6hrsdorf-3-200x300.jpg 200w, https:\/\/www.boberroehrsdorf.de\/wp-content\/uploads\/Boberr\u00f6hrsdorf-3-768x1152.jpg 768w, https:\/\/www.boberroehrsdorf.de\/wp-content\/uploads\/Boberr\u00f6hrsdorf-3-683x1024.jpg 683w, https:\/\/www.boberroehrsdorf.de\/wp-content\/uploads\/Boberr\u00f6hrsdorf-3.jpg 1383w\" sizes=\"(max-width: 200px) 100vw, 200px\" \/><\/a><p id=\"caption-attachment-547\" class=\"wp-caption-text\">Fragmente Ehrenmal , Juni 2016<\/p><\/div>\n<div id=\"attachment_548\" style=\"width: 310px\" class=\"wp-caption alignnone\"><a href=\"https:\/\/www.boberroehrsdorf.de\/wp-content\/uploads\/Boberr\u00f6hrsdorf-9.jpg\"><img loading=\"lazy\" decoding=\"async\" aria-describedby=\"caption-attachment-548\" class=\"wp-image-548 size-medium\" src=\"https:\/\/www.boberroehrsdorf.de\/wp-content\/uploads\/Boberr\u00f6hrsdorf-9-300x200.jpg\" alt=\"Fragmente Ehrenmal 2016\" width=\"300\" height=\"200\" srcset=\"https:\/\/www.boberroehrsdorf.de\/wp-content\/uploads\/Boberr\u00f6hrsdorf-9-300x200.jpg 300w, https:\/\/www.boberroehrsdorf.de\/wp-content\/uploads\/Boberr\u00f6hrsdorf-9-768x512.jpg 768w, https:\/\/www.boberroehrsdorf.de\/wp-content\/uploads\/Boberr\u00f6hrsdorf-9-1024x683.jpg 1024w\" sizes=\"(max-width: 300px) 100vw, 300px\" \/><\/a><p id=\"caption-attachment-548\" class=\"wp-caption-text\">Fragmente Ehrenmal, Juni \u00a02016<\/p><\/div>\n<p>&nbsp;<\/p>\n<p>&nbsp;<\/p>\n<table width=\"333\">\n<tbody>\n<tr>\n<td width=\"75\">Name<\/td>\n<td width=\"65\">Vorname<\/td>\n<td width=\"95\">Todesdatum<\/td>\n<td width=\"98\"><\/td>\n<\/tr>\n<tr>\n<td width=\"75\">Opitz<\/td>\n<td width=\"65\">Hermann<\/td>\n<td width=\"95\">22.08.1914<\/td>\n<td width=\"98\">gefallen<\/td>\n<\/tr>\n<tr>\n<td width=\"75\">Kleiner<\/td>\n<td width=\"65\">Emil<\/td>\n<td width=\"95\">24.08.1914<\/td>\n<td width=\"98\">gefallen<\/td>\n<\/tr>\n<tr>\n<td width=\"75\">Lorenz<\/td>\n<td width=\"65\">Theodor<\/td>\n<td width=\"95\">24.09.1914<\/td>\n<td width=\"98\">gefallen<\/td>\n<\/tr>\n<tr>\n<td width=\"75\">R\u00fcffer<\/td>\n<td width=\"65\">Emil<\/td>\n<td width=\"95\">04.10.1914<\/td>\n<td width=\"98\">gefallen<\/td>\n<\/tr>\n<tr>\n<td width=\"75\">Lochmann<\/td>\n<td width=\"65\">Hermann<\/td>\n<td width=\"95\">25.10.1914<\/td>\n<td width=\"98\">gefallen<\/td>\n<\/tr>\n<tr>\n<td width=\"75\">Uebert<\/td>\n<td width=\"65\">Wilhelm<\/td>\n<td width=\"95\">26.10.1914<\/td>\n<td width=\"98\">gefallen<\/td>\n<\/tr>\n<tr>\n<td width=\"75\">Keil<\/td>\n<td width=\"65\">Emil<\/td>\n<td width=\"95\">10.11.1914<\/td>\n<td width=\"98\">gefallen<\/td>\n<\/tr>\n<tr>\n<td width=\"75\">Hein<\/td>\n<td width=\"65\">Reinhold<\/td>\n<td width=\"95\">12.11.1914<\/td>\n<td width=\"98\">gefallen<\/td>\n<\/tr>\n<tr>\n<td width=\"75\">Ludwig<\/td>\n<td width=\"65\">Oswald<\/td>\n<td width=\"95\">14.11.1914<\/td>\n<td width=\"98\">gefallen<\/td>\n<\/tr>\n<tr>\n<td width=\"75\">Krug<\/td>\n<td width=\"65\">August<\/td>\n<td width=\"95\">24.11.1914<\/td>\n<td width=\"98\">gefallen<\/td>\n<\/tr>\n<tr>\n<td width=\"75\">Meier<\/td>\n<td width=\"65\">Hermann<\/td>\n<td width=\"95\">30.11.1914<\/td>\n<td width=\"98\">gefallen<\/td>\n<\/tr>\n<tr>\n<td width=\"75\">Joseph<\/td>\n<td width=\"65\">Gustav<\/td>\n<td width=\"95\">14.12.1914<\/td>\n<td width=\"98\">gefallen<\/td>\n<\/tr>\n<tr>\n<td width=\"75\">Ulschner<\/td>\n<td width=\"65\">Wilhelm<\/td>\n<td width=\"95\">18.12.1914<\/td>\n<td width=\"98\">gefallen<\/td>\n<\/tr>\n<tr>\n<td width=\"75\">Hoppe<\/td>\n<td width=\"65\">Paul<\/td>\n<td width=\"95\">18.12.1914<\/td>\n<td width=\"98\">gefallen<\/td>\n<\/tr>\n<tr>\n<td width=\"75\">Strehler<\/td>\n<td width=\"65\">Robert<\/td>\n<td width=\"95\">05.01.1915<\/td>\n<td width=\"98\">gefallen<\/td>\n<\/tr>\n<tr>\n<td width=\"75\">Gl\u00e4ser<\/td>\n<td width=\"65\">Fritz<\/td>\n<td width=\"95\">16.02.1915<\/td>\n<td width=\"98\">gefallen<\/td>\n<\/tr>\n<tr>\n<td width=\"75\">M\u00fchle<\/td>\n<td width=\"65\">Willi<\/td>\n<td width=\"95\">21.03.1915<\/td>\n<td width=\"98\">gefallen<\/td>\n<\/tr>\n<tr>\n<td width=\"75\">Rose<\/td>\n<td width=\"65\">Fritz<\/td>\n<td width=\"95\">05.05.1915<\/td>\n<td width=\"98\">gefallen<\/td>\n<\/tr>\n<tr>\n<td width=\"75\">Beer<\/td>\n<td width=\"65\">Oswald<\/td>\n<td width=\"95\">16.05.1915<\/td>\n<td width=\"98\">gefallen<\/td>\n<\/tr>\n<tr>\n<td width=\"75\">Schindler<\/td>\n<td width=\"65\">Hermann<\/td>\n<td width=\"95\">18.05.1915<\/td>\n<td width=\"98\">gefallen<\/td>\n<\/tr>\n<tr>\n<td width=\"75\">Lukosch<\/td>\n<td width=\"65\">Richard<\/td>\n<td width=\"95\">06.06.1915<\/td>\n<td width=\"98\">vermi\u00dft<\/td>\n<\/tr>\n<tr>\n<td width=\"75\">Hutny<\/td>\n<td width=\"65\">Ludwig<\/td>\n<td width=\"95\">21.06.1914<\/td>\n<td width=\"98\">gefallen<\/td>\n<\/tr>\n<tr>\n<td width=\"75\">Seidel<\/td>\n<td width=\"65\">Gustav<\/td>\n<td width=\"95\">21.06.1915<\/td>\n<td width=\"98\">gefallen<\/td>\n<\/tr>\n<tr>\n<td width=\"75\">Wolf<\/td>\n<td width=\"65\">Martin<\/td>\n<td width=\"95\">22.06.1915<\/td>\n<td width=\"98\">gefallen<\/td>\n<\/tr>\n<tr>\n<td width=\"75\">Manchen<\/td>\n<td width=\"65\">Karl<\/td>\n<td width=\"95\">13.07.1915<\/td>\n<td width=\"98\">gefallen<\/td>\n<\/tr>\n<tr>\n<td width=\"75\">Feige<\/td>\n<td width=\"65\">Oswald<\/td>\n<td width=\"95\">17.07.1915<\/td>\n<td width=\"98\">gefallen<\/td>\n<\/tr>\n<tr>\n<td width=\"75\">Wehner<\/td>\n<td width=\"65\">Ernst<\/td>\n<td width=\"95\">20.07.1915<\/td>\n<td width=\"98\">gefallen<\/td>\n<\/tr>\n<tr>\n<td width=\"75\">Hainke<\/td>\n<td width=\"65\">Oskar<\/td>\n<td width=\"95\">05.08.1915<\/td>\n<td width=\"98\">gefallen<\/td>\n<\/tr>\n<tr>\n<td width=\"75\">Lorenz<\/td>\n<td width=\"65\">Otto<\/td>\n<td width=\"95\">06.08.1915<\/td>\n<td width=\"98\">gefallen<\/td>\n<\/tr>\n<tr>\n<td width=\"75\">Marksteiner<\/td>\n<td width=\"65\">Paul<\/td>\n<td width=\"95\">08.08.1915<\/td>\n<td width=\"98\">gefallen<\/td>\n<\/tr>\n<tr>\n<td width=\"75\">Leonhardt<\/td>\n<td width=\"65\">Gustav<\/td>\n<td width=\"95\">14.08.1915<\/td>\n<td width=\"98\">gefallen<\/td>\n<\/tr>\n<tr>\n<td width=\"75\">Dittrich<\/td>\n<td width=\"65\">Gustav<\/td>\n<td width=\"95\">04.09.1915<\/td>\n<td width=\"98\">gefallen<\/td>\n<\/tr>\n<tr>\n<td width=\"75\">Friedrich<\/td>\n<td width=\"65\">Emil<\/td>\n<td width=\"95\">10.09.1915<\/td>\n<td width=\"98\">gefallen<\/td>\n<\/tr>\n<tr>\n<td width=\"75\">Schindler<\/td>\n<td width=\"65\">Ernst<\/td>\n<td width=\"95\">20.09.1915<\/td>\n<td width=\"98\">gefallen<\/td>\n<\/tr>\n<tr>\n<td width=\"75\">Scholz<\/td>\n<td width=\"65\">Emil<\/td>\n<td width=\"95\">25.09.1915<\/td>\n<td width=\"98\">vermi\u00dft<\/td>\n<\/tr>\n<tr>\n<td width=\"75\">Gl\u00e4ser<\/td>\n<td width=\"65\">Emil<\/td>\n<td width=\"95\">27.09.1915<\/td>\n<td width=\"98\">vermi\u00dft<\/td>\n<\/tr>\n<tr>\n<td width=\"75\">Friebe<\/td>\n<td width=\"65\">Reinhold<\/td>\n<td width=\"95\">23.11.1915<\/td>\n<td width=\"98\">gefallen<\/td>\n<\/tr>\n<tr>\n<td width=\"75\">Lahr<\/td>\n<td width=\"65\">Franz<\/td>\n<td width=\"95\">26.03.1916<\/td>\n<td width=\"98\">gefallen<\/td>\n<\/tr>\n<tr>\n<td width=\"75\">R\u00f6sel<\/td>\n<td width=\"65\">Wilhelm<\/td>\n<td width=\"95\">18.05.1916<\/td>\n<td width=\"98\">gefallen<\/td>\n<\/tr>\n<tr>\n<td width=\"75\">Feige<\/td>\n<td width=\"65\">Heinrich<\/td>\n<td width=\"95\">14.06.1916<\/td>\n<td width=\"98\">gefallen<\/td>\n<\/tr>\n<tr>\n<td width=\"75\">Krause<\/td>\n<td width=\"65\">Reinhold<\/td>\n<td width=\"95\">07.07.1916<\/td>\n<td width=\"98\">gefallen<\/td>\n<\/tr>\n<tr>\n<td width=\"75\">Joseph<\/td>\n<td width=\"65\">Paul<\/td>\n<td width=\"95\">18.07.1916<\/td>\n<td width=\"98\">gefallen<\/td>\n<\/tr>\n<tr>\n<td width=\"75\">Kratzert<\/td>\n<td width=\"65\">Friedrich<\/td>\n<td width=\"95\">27.07.1916<\/td>\n<td width=\"98\">vermi\u00dft<\/td>\n<\/tr>\n<tr>\n<td width=\"75\">Scholz<\/td>\n<td width=\"65\">Richard<\/td>\n<td width=\"95\">31.07.1916<\/td>\n<td width=\"98\">gefallen<\/td>\n<\/tr>\n<tr>\n<td width=\"75\">Hielscher<\/td>\n<td width=\"65\">Hermann<\/td>\n<td width=\"95\">10.08.1916<\/td>\n<td width=\"98\">gefallen<\/td>\n<\/tr>\n<tr>\n<td width=\"75\">Engmann<\/td>\n<td width=\"65\">Willi<\/td>\n<td width=\"95\">15.10.1916<\/td>\n<td width=\"98\">gefallen<\/td>\n<\/tr>\n<tr>\n<td width=\"75\">Mende<\/td>\n<td width=\"65\">Oswald<\/td>\n<td width=\"95\">18.10.1916<\/td>\n<td width=\"98\">gefallen<\/td>\n<\/tr>\n<tr>\n<td width=\"75\">Friedrich<\/td>\n<td width=\"65\">Ernst<\/td>\n<td width=\"95\">30.11.1916<\/td>\n<td width=\"98\">gefallen<\/td>\n<\/tr>\n<tr>\n<td width=\"75\">Prenzel<\/td>\n<td width=\"65\">Franz<\/td>\n<td width=\"95\">11.12.1916<\/td>\n<td width=\"98\">gefallen<\/td>\n<\/tr>\n<tr>\n<td width=\"75\">Funke<\/td>\n<td width=\"65\">Karl<\/td>\n<td width=\"95\">12.01.1917<\/td>\n<td width=\"98\">gefallen<\/td>\n<\/tr>\n<tr>\n<td width=\"75\">M\u00fcller<\/td>\n<td width=\"65\">Hermann<\/td>\n<td width=\"95\">04.05.1917<\/td>\n<td width=\"98\">gefallen<\/td>\n<\/tr>\n<tr>\n<td width=\"75\">R\u00fcffer<\/td>\n<td width=\"65\">Bruno<\/td>\n<td width=\"95\">14.05.1917<\/td>\n<td width=\"98\">gefallen<\/td>\n<\/tr>\n<tr>\n<td width=\"75\">H\u00e4ring<\/td>\n<td width=\"65\">Otto<\/td>\n<td width=\"95\">15.06.1917<\/td>\n<td width=\"98\">gefallen<\/td>\n<\/tr>\n<tr>\n<td width=\"75\">Erbe<\/td>\n<td width=\"65\">Reinhold<\/td>\n<td width=\"95\">21.07.1917<\/td>\n<td width=\"98\">gefallen<\/td>\n<\/tr>\n<tr>\n<td width=\"75\">Schr\u00f6ter<\/td>\n<td width=\"65\">Ernst<\/td>\n<td width=\"95\">31.07.1917<\/td>\n<td width=\"98\">gefallen<\/td>\n<\/tr>\n<tr>\n<td width=\"75\">Weist<\/td>\n<td width=\"65\">Emil<\/td>\n<td width=\"95\">01.08.1917<\/td>\n<td width=\"98\">gefallen<\/td>\n<\/tr>\n<tr>\n<td width=\"75\">Weske<\/td>\n<td width=\"65\">Oswald<\/td>\n<td width=\"95\">15.08.1917<\/td>\n<td width=\"98\">gefallen<\/td>\n<\/tr>\n<tr>\n<td width=\"75\">Hubrich<\/td>\n<td width=\"65\">Bruno<\/td>\n<td width=\"95\">16.08.1917<\/td>\n<td width=\"98\">gefallen<\/td>\n<\/tr>\n<tr>\n<td width=\"75\">Richter<\/td>\n<td width=\"65\">Gustav<\/td>\n<td width=\"95\">16.08.1917<\/td>\n<td width=\"98\">gefallen<\/td>\n<\/tr>\n<tr>\n<td width=\"75\">Ketzler<\/td>\n<td width=\"65\">Willi<\/td>\n<td width=\"95\">20.08.1917<\/td>\n<td width=\"98\">gefallen<\/td>\n<\/tr>\n<tr>\n<td width=\"75\">Opitz<\/td>\n<td width=\"65\">Hermann<\/td>\n<td width=\"95\">08.09.1917<\/td>\n<td width=\"98\">gefallen<\/td>\n<\/tr>\n<tr>\n<td width=\"75\">Ludwig<\/td>\n<td width=\"65\">Hermann<\/td>\n<td width=\"95\">28.10.1917<\/td>\n<td width=\"98\">gefallen<\/td>\n<\/tr>\n<tr>\n<td width=\"75\">Opitz<\/td>\n<td width=\"65\">Emil<\/td>\n<td width=\"95\">14.12.1917<\/td>\n<td width=\"98\">gefallen<\/td>\n<\/tr>\n<tr>\n<td width=\"75\">Heidrich<\/td>\n<td width=\"65\">Emil<\/td>\n<td width=\"95\">27.03.1918<\/td>\n<td width=\"98\">gefallen<\/td>\n<\/tr>\n<tr>\n<td width=\"75\">Lorenz<\/td>\n<td width=\"65\">Reinhold<\/td>\n<td width=\"95\">11.04.1918<\/td>\n<td width=\"98\">gefallen<\/td>\n<\/tr>\n<tr>\n<td width=\"75\">Friebe<\/td>\n<td width=\"65\">Alfred<\/td>\n<td width=\"95\">18.04.1918<\/td>\n<td width=\"98\">gefallen<\/td>\n<\/tr>\n<tr>\n<td width=\"75\">Hain<\/td>\n<td width=\"65\">Robert<\/td>\n<td width=\"95\">19.04.1918<\/td>\n<td width=\"98\">gefallen<\/td>\n<\/tr>\n<tr>\n<td width=\"75\">Beer<\/td>\n<td width=\"65\">Wilhelm<\/td>\n<td width=\"95\">21.04.1918<\/td>\n<td width=\"98\">gefallen<\/td>\n<\/tr>\n<tr>\n<td width=\"75\">Opitz<\/td>\n<td width=\"65\">Richard<\/td>\n<td width=\"95\">27.05.1918<\/td>\n<td width=\"98\">gefallen<\/td>\n<\/tr>\n<tr>\n<td width=\"75\">H\u00e4lbig<\/td>\n<td width=\"65\">Wilhelm<\/td>\n<td width=\"95\">28.05.1918<\/td>\n<td width=\"98\">gefallen<\/td>\n<\/tr>\n<tr>\n<td width=\"75\">Seidel<\/td>\n<td width=\"65\">Emil<\/td>\n<td width=\"95\">01.06.1918<\/td>\n<td width=\"98\">gefallen<\/td>\n<\/tr>\n<tr>\n<td width=\"75\">Rose<\/td>\n<td width=\"65\">Emil<\/td>\n<td width=\"95\">01.06.1918<\/td>\n<td width=\"98\">gefallen<\/td>\n<\/tr>\n<tr>\n<td width=\"75\">T\u00e4sler<\/td>\n<td width=\"65\">Gustav<\/td>\n<td width=\"95\">05.06.1918<\/td>\n<td width=\"98\">gefallen<\/td>\n<\/tr>\n<tr>\n<td width=\"75\">Hellwig<\/td>\n<td width=\"65\">Ewald<\/td>\n<td width=\"95\">26.07.1918<\/td>\n<td width=\"98\">gefallen<\/td>\n<\/tr>\n<tr>\n<td width=\"75\">Freudiger<\/td>\n<td width=\"65\">Hermann<\/td>\n<td width=\"95\">18.08.1918<\/td>\n<td width=\"98\">gefallen<\/td>\n<\/tr>\n<tr>\n<td width=\"75\">Bl\u00fcmel<\/td>\n<td width=\"65\">Paul<\/td>\n<td width=\"95\">30.08.1918<\/td>\n<td width=\"98\">gefallen<\/td>\n<\/tr>\n<tr>\n<td width=\"75\">R\u00f6sler<\/td>\n<td width=\"65\">Emil<\/td>\n<td width=\"95\">26.09.1918<\/td>\n<td width=\"98\">gefallen<\/td>\n<\/tr>\n<tr>\n<td width=\"75\">Geisler<\/td>\n<td width=\"65\">Emil<\/td>\n<td width=\"95\">30.09.1918<\/td>\n<td width=\"98\">gefallen<\/td>\n<\/tr>\n<tr>\n<td width=\"75\">Mihlan<\/td>\n<td width=\"65\">Alfred<\/td>\n<td width=\"95\">01.10.1918<\/td>\n<td width=\"98\">gefallen<\/td>\n<\/tr>\n<tr>\n<td width=\"75\">Friebe<\/td>\n<td width=\"65\">Paul<\/td>\n<td width=\"95\">05.10.1918<\/td>\n<td width=\"98\">gefallen<\/td>\n<\/tr>\n<tr>\n<td width=\"75\">Schindler<\/td>\n<td width=\"65\">Hermann<\/td>\n<td width=\"95\">08.10.1918<\/td>\n<td width=\"98\">vermi\u00dft<\/td>\n<\/tr>\n<tr>\n<td width=\"75\">B\u00e4rthel<\/td>\n<td width=\"65\">Wilhelm<\/td>\n<td width=\"95\">30.10.1918<\/td>\n<td width=\"98\">vermi\u00dft<\/td>\n<\/tr>\n<tr>\n<td width=\"75\">Felsmann<\/td>\n<td width=\"65\">Fritz<\/td>\n<td width=\"95\">31.12.1918<\/td>\n<td width=\"98\">gefallen<\/td>\n<\/tr>\n<\/tbody>\n<\/table>\n<p>Die Namen der Kriegsopfer sind entnommen aus der Schrift: &#8222;Aus dem Leben der Kirchgemeinde Boberr\u00f6hrsdorf in den Jahren 1742 bis 1932&#8220; von Edgar Br\u00e4uer<\/p>\n","protected":false},"excerpt":{"rendered":"<p>Das Ehrenmal f\u00fcr die Gefallenen und Vermissten des 1. Weltkrieges stand an der \u00f6stlichen L\u00e4ngsseite der evangelischen Kirche. Das Ehrenmal existiert nicht mehr, da es nach \u00dcbernahme durch polnische Bewohner zerst\u00f6rt wurde. Inschrift des Ehrenmals von Boberr\u00f6hrsdorf: &#8222;ES STARBEN DEN HELDENTOD&#8220;\u00a0 &#8222;DIE DANKBARE GEMEINDE BOBERR\u00d6HRSDORF&#8220; Vor kurzer Zeit wurden Teilst\u00fccke des zerst\u00f6rten Ehrenmals, mit Namen von Gefallenen, wiedergefunden. Sehr anzuerkennen<\/p>\n<p><a class=\"more-link\" href=\"https:\/\/www.boberroehrsdorf.de\/?page_id=399\">Weiterlesen<\/a><\/p>\n","protected":false},"author":2,"featured_media":8,"parent":151,"menu_order":1,"comment_status":"closed","ping_status":"closed","template":"","meta":{"footnotes":""},"class_list":["post-399","page","type-page","status-publish","has-post-thumbnail","hentry"],"_links":{"self":[{"href":"https:\/\/www.boberroehrsdorf.de\/index.php?rest_route=\/wp\/v2\/pages\/399","targetHints":{"allow":["GET"]}}],"collection":[{"href":"https:\/\/www.boberroehrsdorf.de\/index.php?rest_route=\/wp\/v2\/pages"}],"about":[{"href":"https:\/\/www.boberroehrsdorf.de\/index.php?rest_route=\/wp\/v2\/types\/page"}],"author":[{"embeddable":true,"href":"https:\/\/www.boberroehrsdorf.de\/index.php?rest_route=\/wp\/v2\/users\/2"}],"replies":[{"embeddable":true,"href":"https:\/\/www.boberroehrsdorf.de\/index.php?rest_route=%2Fwp%2Fv2%2Fcomments&post=399"}],"version-history":[{"count":15,"href":"https:\/\/www.boberroehrsdorf.de\/index.php?rest_route=\/wp\/v2\/pages\/399\/revisions"}],"predecessor-version":[{"id":568,"href":"https:\/\/www.boberroehrsdorf.de\/index.php?rest_route=\/wp\/v2\/pages\/399\/revisions\/568"}],"up":[{"embeddable":true,"href":"https:\/\/www.boberroehrsdorf.de\/index.php?rest_route=\/wp\/v2\/pages\/151"}],"wp:featuredmedia":[{"embeddable":true,"href":"https:\/\/www.boberroehrsdorf.de\/index.php?rest_route=\/wp\/v2\/media\/8"}],"wp:attachment":[{"href":"https:\/\/www.boberroehrsdorf.de\/index.php?rest_route=%2Fwp%2Fv2%2Fmedia&parent=399"}],"curies":[{"name":"wp","href":"https:\/\/api.w.org\/{rel}","templated":true}]}}