{"id":23,"date":"2013-01-31T00:54:42","date_gmt":"2013-01-30T22:54:42","guid":{"rendered":"https:\/\/www.boberroehrsdorf.de\/?page_id=23"},"modified":"2021-12-05T21:51:46","modified_gmt":"2021-12-05T19:51:46","slug":"gastebuch-3","status":"publish","type":"page","link":"https:\/\/www.boberroehrsdorf.de\/?page_id=23","title":{"rendered":"G\u00e4stebuch"},"content":{"rendered":"<p>Hier ist Platz f\u00fcr Hinweise zum Ort Boberr\u00f6hrsdorf, Anregungen und Kritik.<\/p>\n<p>Ein paar Worte in eigener Sache:<\/p>\n<p>Diese Netzseite ist nicht gewerblich, die Kosten f\u00fcr Einrichtung und lfd. Betrieb liegen beim Verfasser und Ersteller dieser Seiten. Finanzielle Zuwendungen sind ausdr\u00fccklich nicht erw\u00fcnscht. Es ist f\u00fcr mich eine Frage der Ehre und des Andenkens an unsere Vorfahren.<\/p>\n<p>Der Aufwand ernst gemeinte G\u00e4stebucheintr\u00e4ge von Spamnachrichten zu trennen ist hoch. Aber Ihr Lob, Fotos (mit Infos) oder konstruktive Kritik sind sehr willkommen. Das G\u00e4stebuch wird moderiert.<\/p>\n<p>Einsendungen werden ausdr\u00fccklich als Einwilligung zur Ver\u00f6ffentlichung betrachtet. Ob ich diese ver\u00f6ffentliche h\u00e4ngt von der Gestaltung meiner Seite ab. \u00a0Ich mu\u00df davon ausgehen, da\u00df die Rechte an den eingesendeten Fotos oder Daten beim Einsender liegen. Im Zweifel werde ich Dokumente nicht auf der Netzseite einstellen.<\/p>\n<p>Sind Kontakte resultierend aus G\u00e4stebucheintr\u00e4gen erw\u00fcnscht versuche ich dies per Mail herzustellen. Aus Gr\u00fcnden der Vertraulichkeit und des Datenschutzes m\u00fcssen allerdings beide Seiten ein Interesse daran haben. Um meine Mailadresse vor Spam zu sch\u00fctzen sende ich diese nur bei Bedarf im Einzelfall.<\/p>\n<p>Das Gef\u00fchl, da\u00df es Menschen gibt welche Interesse an der schlesischen Heimat unserer V\u00e4ter und M\u00fctter, also ihrer eigenen Wurzeln haben, ist meine Motivation die Seite weiter zu betreiben und ggf. auszubauen. Vielleicht werden nachfolgende Generationen unser Engagement, zwecks eigener Selbsterkenntnis, zu sch\u00e4tzen wissen.<\/p>\n<p>Meine Netzseite kann eigene Recherchen nicht ersetzen. Hinweise und links m\u00fcssen selbst erforscht werden. Das ist aber auch gerade der Spa\u00df an Familienforschung?<\/p>\n<p>Auf ihre Geduld mit mir kann ich nur hoffen. Schlesien Gl\u00fcckauf!<\/p>\n<p>Axel Bl\u00fcmel<\/p>\n<p>Northeim, im Dezember 2021<\/p>\n<p>Das G\u00e4stebuch wird moderiert, es kann daher ein wenig dauern, bis der Eintrag ver\u00f6ffentlicht wird.<\/p>\n<p>Vielen Dank f\u00fcr Ihr Verst\u00e4ndnis<\/p>\n","protected":false},"excerpt":{"rendered":"<p>Hier ist Platz f\u00fcr Hinweise zum Ort Boberr\u00f6hrsdorf, Anregungen und Kritik. Ein paar Worte in eigener Sache: Diese Netzseite ist nicht gewerblich, die Kosten f\u00fcr Einrichtung und lfd. Betrieb liegen beim Verfasser und Ersteller dieser Seiten. Finanzielle Zuwendungen sind ausdr\u00fccklich nicht erw\u00fcnscht. Es ist f\u00fcr mich eine Frage der Ehre und des Andenkens an unsere Vorfahren. Der Aufwand ernst gemeinte<\/p>\n<p><a class=\"more-link\" href=\"https:\/\/www.boberroehrsdorf.de\/?page_id=23\">Weiterlesen<\/a><\/p>\n","protected":false},"author":3,"featured_media":411,"parent":0,"menu_order":0,"comment_status":"open","ping_status":"closed","template":"","meta":{"footnotes":""},"class_list":["post-23","page","type-page","status-publish","has-post-thumbnail","hentry"],"_links":{"self":[{"href":"https:\/\/www.boberroehrsdorf.de\/index.php?rest_route=\/wp\/v2\/pages\/23","targetHints":{"allow":["GET"]}}],"collection":[{"href":"https:\/\/www.boberroehrsdorf.de\/index.php?rest_route=\/wp\/v2\/pages"}],"about":[{"href":"https:\/\/www.boberroehrsdorf.de\/index.php?rest_route=\/wp\/v2\/types\/page"}],"author":[{"embeddable":true,"href":"https:\/\/www.boberroehrsdorf.de\/index.php?rest_route=\/wp\/v2\/users\/3"}],"replies":[{"embeddable":true,"href":"https:\/\/www.boberroehrsdorf.de\/index.php?rest_route=%2Fwp%2Fv2%2Fcomments&post=23"}],"version-history":[{"count":9,"href":"https:\/\/www.boberroehrsdorf.de\/index.php?rest_route=\/wp\/v2\/pages\/23\/revisions"}],"predecessor-version":[{"id":1395,"href":"https:\/\/www.boberroehrsdorf.de\/index.php?rest_route=\/wp\/v2\/pages\/23\/revisions\/1395"}],"wp:featuredmedia":[{"embeddable":true,"href":"https:\/\/www.boberroehrsdorf.de\/index.php?rest_route=\/wp\/v2\/media\/411"}],"wp:attachment":[{"href":"https:\/\/www.boberroehrsdorf.de\/index.php?rest_route=%2Fwp%2Fv2%2Fmedia&parent=23"}],"curies":[{"name":"wp","href":"https:\/\/api.w.org\/{rel}","templated":true}]}}